{"id":1421,"date":"2020-09-19T18:05:09","date_gmt":"2020-09-19T18:05:09","guid":{"rendered":"https:\/\/escobar.store\/?page_id=1421"},"modified":"2023-06-30T12:08:43","modified_gmt":"2023-06-30T12:08:43","slug":"regulamin","status":"publish","type":"page","link":"https:\/\/escobarstore.ru\/?page_id=1421&lang=pl","title":{"rendered":"Regulamin PL"},"content":{"rendered":"<section class=\"wpb-content-wrapper\"><p>[vc_row full_width=&#8221;stretch_row&#8221; css=&#8221;.vc_custom_1592830750579{margin-bottom: 4rem !important;}&#8221;][vc_column el_class=&#8221;wpisset-wpb-column-grunge-border&#8221; css=&#8221;.vc_custom_1592832613986{padding-top: 4rem !important;padding-bottom: 2rem !important;background-color: #ecf0f2 !important;}&#8221;]<div class=\"wpisset_es_header wpisset_es_header-147481641 vc_custom_1601303086000 wpisset-es-header-center\" ><div class=\"wpisset-es-header\"><h2 class=\"wpisset-es-header-title\">Regulamin<\/h2><\/div><\/div><svg class=\"wpssiet-es-cs\"><style>.wpisset_es_header-147481641 .wpisset-es-header:before{background:rgba(0,0,0,0.1);}.wpisset_es_header-147481641 .wpisset-es-header:after{background:rgba(0,0,0,0.1);}.wpisset_es_header-147481641 .wpisset-es-header-title:before{background:rgba(0,0,0,0.1);}<\/style><\/svg>[vc_row_inner][vc_column_inner width=&#8221;1\/12&#8243;][\/vc_column_inner][vc_column_inner width=&#8221;3\/12&#8243;][\/vc_column_inner][vc_column_inner width=&#8221;7\/12&#8243;][vc_column_text el_class=&#8221;p-has-drop-cap wpb-p-margin-top-0&#8243;]Sk\u0142adaj\u0105c zam\u00f3wienie akceptujesz regulamin. Prosimy o zapoznanie si\u0119 przed dokonaniem p\u0142atno\u015bci oraz z\u0142o\u017ceniem zam\u00f3wienia z naszym regulaminem oraz warunkami reklamacji.[\/vc_column_text][\/vc_column_inner][vc_column_inner width=&#8221;1\/12&#8243;][\/vc_column_inner][\/vc_row_inner][vc_row_inner][vc_column_inner width=&#8221;1\/12&#8243;][\/vc_column_inner][vc_column_inner width=&#8221;3\/12&#8243;][vc_custom_heading text=&#8221;Regulamin&#8221; font_container=&#8221;tag:h3|font_size:24|text_align:left&#8221; use_theme_fonts=&#8221;yes&#8221;][\/vc_column_inner][vc_column_inner width=&#8221;7\/12&#8243;][vc_column_text css=&#8221;.vc_custom_1688126916129{margin-top: 0px !important;}&#8221; el_class=&#8221;wpb-p-margin-top-0&#8243;]1. Sk\u0142adaj\u0105c zam\u00f3wienie akceptujesz nasz regulamin.<br \/>\n2. Zam\u00f3wienia sk\u0142adamy za po\u015brednictwem e-mail a minimalne zam\u00f3wienie na terenie Polski to 199 PLN razem z kosztem wysy\u0142ki. Kwota liczona jest np. : 1 x 199 PLN + 25 PLN = 224 PLN.<br \/>\n3. Minimalne zam\u00f3wienie poza granicami Polski to 1000 PLN razem z kosztami wysy\u0142ki 100 PLN.<br \/>\n4. Nie dokonujemy zmian w zam\u00f3wieniu po otrzymaniu p\u0142atno\u015bci.<br \/>\n5. Przyjmujemy p\u0142atno\u015bci tylko w BTC albo przy zam\u00f3wieniu powy\u017cej 100g na \u017cyczenie USDT ERC20, XMR.<br \/>\n6. Nie zwracamy wp\u0142at.<br \/>\n7. Nie informujemy o dok\u0142adnej dacie wysy\u0142ki, podajemy przybli\u017con\u0105.<br \/>\n8. Nie informujemy o dok\u0142adnej dacie otrzymania przesy\u0142ki.<br \/>\n9. Nie dajemy numer\u00f3w \u015bledzenia chyba, \u017ce s\u0105 to wysy\u0142ki zagraniczne w dniu dor\u0119czenia.<br \/>\n10. Nie sprawdzamy na zapytanie gdzie znajduje si\u0119 przesy\u0142ka.<br \/>\n11. Nie wysy\u0142amy za pobraniem.<br \/>\n12. Wiadomo\u015bci z linkami i za\u0142\u0105cznikami s\u0105 pomijane a adresy blokowane.<br \/>\n13. Nie zbieramy Twoich danych osobowych poza adresem e-mail.<br \/>\n14. Kilkukrotne wys\u0142anie e-mail w jednej sprawie skutkuje dodaniem do blokowanych.<br \/>\n15. Wszystkie wiadomo\u015bci napisane bez szyfrowania privnote.com s\u0105 ignorowane.<br \/>\n16. Zam\u00f3wienia i adresy Bitcoin s\u0105 aktywne 14 dni od z\u0142o\u017cenia zam\u00f3wienia.<br \/>\n17. Nie bierzemy \u017cadnej odpowiedzialno\u015bci za wp\u0142aty po 14 dniach od z\u0142o\u017cenia zam\u00f3wienia.<br \/>\n18. Nie rozpatrujemy reklamacji je\u015bli zosta\u0142a zg\u0142oszona publicznie w innym miejscu ni\u017c kontakt mailowy z nami.<br \/>\n19. Nie rozpatrujemy reklamacji z\u0142o\u017conych po 24h od odbioru przesy\u0142ki.<br \/>\n20. Je\u015bli z przyczyn niezale\u017cnych od nas paczka zostanie niedor\u0119czona do odbiorcy i numer \u015bledzenia bedzie na to wskazywa\u0142, mozesz poprosi\u0107 o jego udost\u0119pnienie oraz liczy\u0107 na wysy\u0142k\u0119 kolejnej paczki z zawartosci\u0105 50% pierwszej paczki. Reship tyczy si\u0119 terenu Polski.<br \/>\n21. Zapytaj o dost\u0119pno\u015b\u0107 zamawianego produktu je\u015bli wp\u0142aty dokonujesz kilka godzin od z\u0142o\u017cenia zam\u00f3wienia.<br \/>\n22. Nie przyjmujemy zwrot\u00f3w.<br \/>\n23. Mo\u017cemy zostawi\u0107 Ci paczk\u0119 w bezpiecznym miejscu bez kontaktu z nami w du\u017cym mie\u015bcie w Polsce na \u017cyczenie je\u015bli jest to zam\u00f3wienie powy\u017cej 100g.[\/vc_column_text][\/vc_column_inner][vc_column_inner width=&#8221;1\/12&#8243;][\/vc_column_inner][\/vc_row_inner][\/vc_column][\/vc_row]<\/p>\n<\/section>","protected":false},"excerpt":{"rendered":"<p>[vc_row full_width=&#8221;stretch_row&#8221; css=&#8221;.vc_custom_1592830750579{margin-bottom: 4rem !important;}&#8221;][vc_column el_class=&#8221;wpisset-wpb-column-grunge-border&#8221; css=&#8221;.vc_custom_1592832613986{padding-top: 4rem !important;padding-bottom: 2rem !important;background-color: #ecf0f2 !important;}&#8221;][vc_row_inner][vc_column_inner width=&#8221;1\/12&#8243;][\/vc_column_inner][vc_column_inner width=&#8221;3\/12&#8243;][\/vc_column_inner][vc_column_inner width=&#8221;7\/12&#8243;][vc_column_text el_class=&#8221;p-has-drop-cap wpb-p-margin-top-0&#8243;]Sk\u0142adaj\u0105c zam\u00f3wienie akceptujesz regulamin. Prosimy o zapoznanie si\u0119 przed dokonaniem p\u0142atno\u015bci oraz z\u0142o\u017ceniem zam\u00f3wienia z naszym regulaminem oraz warunkami reklamacji.[\/vc_column_text][\/vc_column_inner][vc_column_inner width=&#8221;1\/12&#8243;][\/vc_column_inner][\/vc_row_inner][vc_row_inner][vc_column_inner width=&#8221;1\/12&#8243;][\/vc_column_inner][vc_column_inner width=&#8221;3\/12&#8243;][vc_custom_heading text=&#8221;Regulamin&#8221; font_container=&#8221;tag:h3|font_size:24|text_align:left&#8221; use_theme_fonts=&#8221;yes&#8221;][\/vc_column_inner][vc_column_inner width=&#8221;7\/12&#8243;][vc_column_text css=&#8221;.vc_custom_1688126916129{margin-top: 0px !important;}&#8221; el_class=&#8221;wpb-p-margin-top-0&#8243;]1. Sk\u0142adaj\u0105c zam\u00f3wienie akceptujesz nasz regulamin. 2. Zam\u00f3wienia [&hellip;]<\/p>\n","protected":false},"author":2,"featured_media":0,"parent":0,"menu_order":0,"comment_status":"closed","ping_status":"closed","template":"","meta":{"footnotes":""},"class_list":["post-1421","page","type-page","status-publish","hentry","wpisset-post"],"yoast_head":"<!-- This site is optimized with the Yoast SEO plugin v25.1 - https:\/\/yoast.com\/wordpress\/plugins\/seo\/ -->\n<title>Regulamin PL - Escobar Store<\/title>\n<meta name=\"description\" content=\"Regulamin\" \/>\n<meta name=\"robots\" content=\"index, follow, max-snippet:-1, max-image-preview:large, max-video-preview:-1\" \/>\n<link rel=\"canonical\" href=\"https:\/\/escobarstore.ru\/?page_id=1421&lang=pl\" \/>\n<meta property=\"og:locale\" content=\"en_US\" \/>\n<meta property=\"og:type\" content=\"article\" \/>\n<meta property=\"og:title\" content=\"Regulamin PL - Escobar Store\" \/>\n<meta property=\"og:description\" content=\"Regulamin\" \/>\n<meta property=\"og:url\" content=\"https:\/\/escobarstore.ru\/?page_id=1421&amp;lang=pl\" \/>\n<meta property=\"og:site_name\" content=\"Escobar Store\" \/>\n<meta property=\"article:modified_time\" content=\"2023-06-30T12:08:43+00:00\" \/>\n<meta name=\"twitter:card\" content=\"summary_large_image\" \/>\n<meta name=\"twitter:label1\" content=\"Est. reading time\" \/>\n\t<meta name=\"twitter:data1\" content=\"2 minutes\" \/>\n<script type=\"application\/ld+json\" class=\"yoast-schema-graph\">{\"@context\":\"https:\/\/schema.org\",\"@graph\":[{\"@type\":\"WebPage\",\"@id\":\"https:\/\/escobarstore.ru\/?page_id=1421&lang=pl\",\"url\":\"https:\/\/escobarstore.ru\/?page_id=1421&lang=pl\",\"name\":\"Regulamin PL - Escobar Store\",\"isPartOf\":{\"@id\":\"https:\/\/escobarstore.ru\/#website\"},\"datePublished\":\"2020-09-19T18:05:09+00:00\",\"dateModified\":\"2023-06-30T12:08:43+00:00\",\"description\":\"Regulamin\",\"breadcrumb\":{\"@id\":\"https:\/\/escobarstore.ru\/?page_id=1421&lang=pl#breadcrumb\"},\"inLanguage\":\"en-US\",\"potentialAction\":[{\"@type\":\"ReadAction\",\"target\":[\"https:\/\/escobarstore.ru\/?page_id=1421&lang=pl\"]}]},{\"@type\":\"BreadcrumbList\",\"@id\":\"https:\/\/escobarstore.ru\/?page_id=1421&lang=pl#breadcrumb\",\"itemListElement\":[{\"@type\":\"ListItem\",\"position\":1,\"name\":\"Home\",\"item\":\"https:\/\/escobarstore.ru\/\"},{\"@type\":\"ListItem\",\"position\":2,\"name\":\"Regulamin PL\"}]},{\"@type\":\"WebSite\",\"@id\":\"https:\/\/escobarstore.ru\/#website\",\"url\":\"https:\/\/escobarstore.ru\/\",\"name\":\"Escobar Store\",\"description\":\"Research Chemicals Supplier\",\"publisher\":{\"@id\":\"https:\/\/escobarstore.ru\/#organization\"},\"potentialAction\":[{\"@type\":\"SearchAction\",\"target\":{\"@type\":\"EntryPoint\",\"urlTemplate\":\"https:\/\/escobarstore.ru\/?s={search_term_string}\"},\"query-input\":{\"@type\":\"PropertyValueSpecification\",\"valueRequired\":true,\"valueName\":\"search_term_string\"}}],\"inLanguage\":\"en-US\"},{\"@type\":\"Organization\",\"@id\":\"https:\/\/escobarstore.ru\/#organization\",\"name\":\"Escobar Store\",\"url\":\"https:\/\/escobarstore.ru\/\",\"logo\":{\"@type\":\"ImageObject\",\"inLanguage\":\"en-US\",\"@id\":\"https:\/\/escobarstore.ru\/#\/schema\/logo\/image\/\",\"url\":\"https:\/\/escobarstore.ru\/wp-content\/uploads\/2020\/09\/cropped-logo1.png\",\"contentUrl\":\"https:\/\/escobarstore.ru\/wp-content\/uploads\/2020\/09\/cropped-logo1.png\",\"width\":688,\"height\":287,\"caption\":\"Escobar Store\"},\"image\":{\"@id\":\"https:\/\/escobarstore.ru\/#\/schema\/logo\/image\/\"}}]}<\/script>\n<!-- \/ Yoast SEO plugin. -->","yoast_head_json":{"title":"Regulamin PL - Escobar Store","description":"Regulamin","robots":{"index":"index","follow":"follow","max-snippet":"max-snippet:-1","max-image-preview":"max-image-preview:large","max-video-preview":"max-video-preview:-1"},"canonical":"https:\/\/escobarstore.ru\/?page_id=1421&lang=pl","og_locale":"en_US","og_type":"article","og_title":"Regulamin PL - Escobar Store","og_description":"Regulamin","og_url":"https:\/\/escobarstore.ru\/?page_id=1421&lang=pl","og_site_name":"Escobar Store","article_modified_time":"2023-06-30T12:08:43+00:00","twitter_card":"summary_large_image","twitter_misc":{"Est. reading time":"2 minutes"},"schema":{"@context":"https:\/\/schema.org","@graph":[{"@type":"WebPage","@id":"https:\/\/escobarstore.ru\/?page_id=1421&lang=pl","url":"https:\/\/escobarstore.ru\/?page_id=1421&lang=pl","name":"Regulamin PL - Escobar Store","isPartOf":{"@id":"https:\/\/escobarstore.ru\/#website"},"datePublished":"2020-09-19T18:05:09+00:00","dateModified":"2023-06-30T12:08:43+00:00","description":"Regulamin","breadcrumb":{"@id":"https:\/\/escobarstore.ru\/?page_id=1421&lang=pl#breadcrumb"},"inLanguage":"en-US","potentialAction":[{"@type":"ReadAction","target":["https:\/\/escobarstore.ru\/?page_id=1421&lang=pl"]}]},{"@type":"BreadcrumbList","@id":"https:\/\/escobarstore.ru\/?page_id=1421&lang=pl#breadcrumb","itemListElement":[{"@type":"ListItem","position":1,"name":"Home","item":"https:\/\/escobarstore.ru\/"},{"@type":"ListItem","position":2,"name":"Regulamin PL"}]},{"@type":"WebSite","@id":"https:\/\/escobarstore.ru\/#website","url":"https:\/\/escobarstore.ru\/","name":"Escobar Store","description":"Research Chemicals Supplier","publisher":{"@id":"https:\/\/escobarstore.ru\/#organization"},"potentialAction":[{"@type":"SearchAction","target":{"@type":"EntryPoint","urlTemplate":"https:\/\/escobarstore.ru\/?s={search_term_string}"},"query-input":{"@type":"PropertyValueSpecification","valueRequired":true,"valueName":"search_term_string"}}],"inLanguage":"en-US"},{"@type":"Organization","@id":"https:\/\/escobarstore.ru\/#organization","name":"Escobar Store","url":"https:\/\/escobarstore.ru\/","logo":{"@type":"ImageObject","inLanguage":"en-US","@id":"https:\/\/escobarstore.ru\/#\/schema\/logo\/image\/","url":"https:\/\/escobarstore.ru\/wp-content\/uploads\/2020\/09\/cropped-logo1.png","contentUrl":"https:\/\/escobarstore.ru\/wp-content\/uploads\/2020\/09\/cropped-logo1.png","width":688,"height":287,"caption":"Escobar Store"},"image":{"@id":"https:\/\/escobarstore.ru\/#\/schema\/logo\/image\/"}}]}},"_links":{"self":[{"href":"https:\/\/escobarstore.ru\/index.php?rest_route=\/wp\/v2\/pages\/1421","targetHints":{"allow":["GET"]}}],"collection":[{"href":"https:\/\/escobarstore.ru\/index.php?rest_route=\/wp\/v2\/pages"}],"about":[{"href":"https:\/\/escobarstore.ru\/index.php?rest_route=\/wp\/v2\/types\/page"}],"author":[{"embeddable":true,"href":"https:\/\/escobarstore.ru\/index.php?rest_route=\/wp\/v2\/users\/2"}],"replies":[{"embeddable":true,"href":"https:\/\/escobarstore.ru\/index.php?rest_route=%2Fwp%2Fv2%2Fcomments&post=1421"}],"version-history":[{"count":15,"href":"https:\/\/escobarstore.ru\/index.php?rest_route=\/wp\/v2\/pages\/1421\/revisions"}],"predecessor-version":[{"id":2044,"href":"https:\/\/escobarstore.ru\/index.php?rest_route=\/wp\/v2\/pages\/1421\/revisions\/2044"}],"wp:attachment":[{"href":"https:\/\/escobarstore.ru\/index.php?rest_route=%2Fwp%2Fv2%2Fmedia&parent=1421"}],"curies":[{"name":"wp","href":"https:\/\/api.w.org\/{rel}","templated":true}]}}